 + 1520. Give p(-101).
-96
Let g(a) = a + 40. Give g(45).
85
Let n(h) = -139*h - 2635. Determine n(-19).
6
Let l(i) = -i**3 - 12*i**2 - 10*i - 512. What is l(-14)?
20
Let t(x) = 49*x + 1071. Calculate t(-22).
-7
Let i(c) = -c**3 + 11*c**2 - 14*c - 38. What is i(8)?
42
Let h(j) = j**3 + 29*j**2. Give h(-29).
0
Let s(n) = 9*n**2 - 221*n - 2894. Give s(34).
-4
Let g(s) = s**3 - 37*s**2 + 233*s - 18. Determine g(8).
-10
Let g(t) = t**3 - 25*t**2 + 148*t + 17. What is g(15)?
-13
Let p(j) = -j**3 + 13*j**2 - 9*j - 190. Give p(10).
20
Let b(f) = 30*f + 6. Give b(6).
186
Let b(n) = 2*n**2 - 194*n + 2462. Determine b(82).
2
Let u(a) = 2*a**3 - 208*a**2 - 207*a - 283. Determine u(105).
32
Let a(g) = g**3 - 25*g**2 + 41*g + 53. Determine a(23).
-62
Let s(d) = -d**3 - d**2 + 121*d + 315. Determine s(-10).
5
Let g(y) = -y**2 - 1957*y - 9767. What is g(-5)?
-7
Let s(q) = q**2 + 30*q - 30. Calculate s(1).
1
Let v(a) = -a**3 - 9*a**2 - 12*a + 12. What is v(-7)?
-2
Let r(y) = -5*y**3 + 87*y**2 - 18*y - 278. Give r(17).
-6
Let c(s) = -s**3 - 14*s**2 - s + 2. Calculate c(-14).
16
Let a(l) = 10*l**2 + 93*l - 5. Determine a(-10).
65
Let r(h) = 9*h - 24. Determine r(20).
156
Let h(i) = -19*i**2 + 10*i + 760. Give h(-6).
16
Let i(x) = 53*x - 1888. Determine i(29).
-351
Let q(t) = -3*t**2 + 173*t - 830. What is q(5)?
-40
Let n(x) = -2*x**3 + 11*x**2 - 55*x + 257. Give n(5).
7
Let r(u) = -11*u**3 + 84*u**2 - 12*u + 23. Calculate r(8).
-329
Let g(k) = 7*k**3 + 20*k**2 + 19*k. Determine g(-1).
-6
Let g(m) = -70*m - 2743. Give g(-38).
-83
Let v(r) = 12900*r + 90305. Calculate v(-7).
5
Let q(p) = 3*p**2 + 8*p - 23. What is q(-11)?
252
Let p(r) = 2*r**3 + 152*r**2 + 2*r - 239. What is p(-76)?
-391
Let m(d) = -d**3 - 26*d**2 - 89*d - 33. What is m(-22)?
-11
Let w(c) = c**3 - 56*c**2 + 216*c - 43. Determine w(52).
373
Let j(k) = -49*k + 2703. Give j(55).
8
Let h(i) = i**3 - 21*i**2 + 56*i + 51. Give h(17).
-153
Let m(d) = 44*d - 4802. Determine m(109).
-6
Let y(t) = 5*t**2 - 20*t - 6. Determine y(4).
-6
Let z(u) = 12*u - 546. Give z(44).
-18
Let c(p) = 13*p**2 - 680*p + 878. Calculate c(51).
11
Let m(c) = 4*c**3 + 17*c**2 + 5*c - 4. Calculate m(-2).
22
Let g(w) = w**3 + 12*w**2 - 49*w - 49. What is g(-15)?
11
Let g(a) = -2*a**3 + 101*a**2 - 48*a - 106. Determine g(50).
-6
Let u(x) = -2*x**3 + 24*x**2 - 13*x + 47. What is u(10)?
317
Let a(t) = -43*t - 182. Give a(-6).
76
Let o(z) = -z**3 + 13*z**2 + 34*z - 505. Calculate o(12).
47
Let z(u) = u + 790. Calculate z(56).
846
Let z(f) = 12*f**2 + 285*f - 439. Give z(-25).
-64
Let m(y) = y**3 + 25*y**2 + 143*y + 165. Give m(-12).
321
Let g(q) = 3*q**2 + 88*q + 6. Calculate g(-25).
-319
Let u(v) = -9*v - 505. Give u(12).
-613
Let l(k) = 13*k + 39. Determine l(-38).
-455
Let m(a) = 5*a**2 + 6*a - 8. Give m(-3).
19
Let p(b) = b**3 + 7*b**2 - 2*b - 61. Determine p(-4).
-5
Let r(f) = -494*f - 19752. Give r(-40).
8
Let r(o) = -o**3 - 37*o**2 - 101*o + 40. Determine r(-34).
6
Let s(j) = 20*j - 203. What is s(16)?
117
Let k(w) = -14*w**2 - 20*w + 131. Determine k(5).
-319
Let g(a) = a**3 + 27*a**2 + 97*a - 283. Calculate g(-22).
3
Let y(m) = -m**3 + 45*m**2 - 185*m + 88. What is y(4)?
4
Let s(t) = -2*t**3 + 17*t**2 - 20*t - 13. Give s(9).
-274
Let u(h) = h**3 + 2*h**2 - 52*h - 27. What is u(-8)?
5
Let j(r) = r**3 - 5*r**2 - 3*r + 25. Calculate j(0).
25
Let i(r) = 2*r**2 + 38*r - 183. Give i(-23).
1
Let m(b) = b**3 - 19*b**2 - 217*b - 1. Give m(-8).
7
Let p(o) = -384*o + 1090. What is p(3)?
-62
Let x(d) = -12092*d + 48379. Determine x(4).
11
Let n(z) = 2*z**3 - 11*z**2 - 46*z + 33. What is n(7)?
-142
Let s(i) = 36*i + 436. What is s(6)?
652
Let n(u) = -u**3 + 5*u**2 + 58*u - 23. Give n(-6).
25
Let u(o) = o**3 - o**2 + 18*o - 27. Give u(6).
261
Let l(y) = -8*y - 141. Calculate l(-26).
67
Let d(k) = 2*k**2 - 42*k + 214. What is d(13)?
6
Let k(v) = 98*v + 441. Determine k(-4).
49
Let k(s) = 78*s + 1138. Calculate k(-15).
-32
Let z(n) = 103*n + 133. Determine z(2).
339
Let d(j) = -j**2 - 130*j - 3381. What is d(-94)?
3
Let d(v) = -16*v + 821. What is d(51)?
5
Let j(y) = 178*y - 339. Determine j(2).
17
Let h(n) = 9*n**2 - 189*n + 451. Determine h(18).
-35
Let c(f) = -36*f**2 + 222*f + 197. What is c(7)?
-13
Let u(v) = -8*v + 7. Calculate u(-2).
23
Let v(y) = y**3 - 2*y**2 - 26*y + 76. Determine v(3).
7
Let w(d) = -1429*d - 5716. Calculate w(-4).
0
Let t(y) = -838*y - 8378. Give t(-10).
2
Let b(z) = -2*z**2 - 176*z + 340. What is b(-90)?
-20
Let f(s) = -11*s - 938. What is f(-95)?
107
Let y(l) = -11*l - 119. Give y(6).
-185
Let t(i) = -i**3 - 57*i**2 - 261*i - 54. What is t(-52)?
-2
Let q(p) = 13*p**2 + 1166*p + 1949. Determine q(-88).
13
Let k(v) = v**2 - 39*v - 4046. What is k(86)?
-4
Let n(a) = -a**3 - 87*a**2 + 88*a + 77. Determine n(-88).
77
Let i(j) = j**3 - 38*j**2 - 216*j + 6. Give i(-5).
11
Let s(d) = -3543*d + 28336. Determine s(8).
-8
Let z(o) = -o**2 + 21*o - 77. What is z(16)?
3
Let o(r) = -r**3 - 114*r**2 + 246*r + 1575. Give o(-116).
-49
Let q(c) = c**2 + 21*c - 70. Calculate q(-21).
-70
Let d(j) = j**3 - 55*j**2 + 53*j + 57. Give d(54).
3
Let j(x) = 6*x**2 - 214*x + 312. What is j(35)?
172
Let u(y) = y**2 + 2128*y + 16967. Give u(-8).
7
Let i(c) = -c**3 + 15*c**2 - 56*c + 21. Determine i(8).
21
Let i(j) = -j**3 - 16*j**2 - 32*j + 78. Give i(-13).
-13
Let t(x) = -26*x + 348. What is t(13)?
10
Let v(r) = 684*r - 5480. Determine v(8).
-8
Let q(f) = -180*f + 1282. What is q(7)?
22
Let u(l) = 3*l**3 - 8*l**2 + 20*l + 2. Determine u(2).
34
Let n(q) = -q**3 - 13*q**2 - 2*q + 5. Calculate n(0).
5
Let y(d) = 2*d**3 + 93*d**2 + 40*d - 241. Give y(-46).
35
Let h(x) = x**3 - 28*x**2 + 297*x - 1325. Calculate h(13).
1
Let l(s) = 13*s**2 - 79*s + 125. Calculate l(5).
55
Let b(v) = 427*v - 2045. Calculate b(5).
90
Let w(g) = -1558*g - 109061. Determine w(-70).
-1
Let v(r) = 104*r + 28. Determine v(-1).
-76
Let g(l) = -2*l**3 + 19*l**2 + 27*l - 331. What is g(9)?
-7
Let y(j) = 5*j**2 - 10*j - 8. Determine y(-2).
32
Let g(h) = 148*h - 1320. Determine g(9).
12
Let w(g) = 5*g**2 + 92*g + 351. Give w(-4).
63
Let p(q) = -29*q**3 - q**2 + 5*q + 7. Give p(-1).
30
Let z(v) = 2*v**2 - 222*v - 5342. Determine z(131).
-102
Let o(y) = -142*y - 853. Calculate o(-6).
-1
Let c(b) = -b**3 + 2*b**2 - 14*b + 60. Calculate c(3).
9
Let d(r) = r**3 + 16*r**2 + 13*r + 2. What is d(-17)?
-508
Let g(t) = -t**3 + 15*t**2 - 13*t - 103. Give g(13).
66
Let m(k) = -11462*k - 137551. Calculate m(-12).
-7
Let g(h) = h**2 + 47*h + 430. Determine g(-13).
-12
Let m(b) = -2*b**2 + 208*b - 608. What is m(101)?
-2
Let c(b) = 154*b + 15391. Give c(-100).
-9
Let l(s) = 2*s**3 - 3*s**2 - 31*s + 88. Determine l(3).
22
Let k(t) = 11*t**2 - 348*t + 170. Give k(31).
-47
Let d(h) = -h**3 + 4*h**2 - 19*h + 21. Give d(4).
-55
Let l(i) = 87*i - 274. Give l(3).
-13
Let f(k) = -49*k + 236. Calculate f(11).
-303
Let b(g) = g**2 + g - 74. What is b(-14)?
108
Let l(v) = 19*v - 176. Give l(12).
52
Let l(x) = x**2 - 18*x + 3. What is l(9)?
-78
Let m(o) = 194*o**2 + 20*o - 21. What is m(1)?
193
Let q(f) = f**3 - 61*f**2 - 540*f - 835. What is q(69)?
-7
Let x(h) = 22*h**2 - 4*h + 3. Calculate x(1).
21
Let y(a) = -2*a**2 - 12*a - 168. Calculate y(-8).
-200
Let g(f) = 2*f**2 - 91*f - 21. What is g(46)?
25
Let p(j) = 22*j + 469. Determine p(-20).
29
Let z(i) = -i**3 + 11*i**2 - 25*i + 70. Calculate z(9).
7
Let u(j) = -9*j**3 + 4*j**2 + 5*j + 3. Determine u(4).
-489
Let h(p) = -2*p**3 - 6*p**2 + 2*p + 10. Determine h(-4).
34
Let r(t) = 80*t + 1603. Calculate r(-20).
3
Let u(s) = -23*s**2 - 15. Calculate u(6).
-843
Let u(d) = -8*d**2 + 6*d + 155. Determine u(0).
155
Let n(i) = 33*i - 5. Give n(1).
28
Let j(u) = -7*u**3 + 413*u**2 - u - 45. What is j(59)?
-104
Let z(g) = 2*g**2 + 332*g + 976. What is z(-3)?
-2
Let t(g) = -2*g**2 - 35*g + 7. Determine t(-18).
-11
Let c(o) = -193*o + 47112. Give c(244).
20
Let u(n) = n**3 - 55*n**2 - 505*n - 4. Determine u(63).
-67
Let i(y) = 281*y + 6175. Determine i(-22).
-7
Let q(k) = k**3 - 114*k**2 + 1318*k - 27. Give q(13).
38
Let b(n) = 10977*n + 54892. Calculate b(-5).
7
Let n(z) = -887*z + 622. Determine n(2).
-1152
Let j(w) = -w**3 - 19*w**2 - 22*w + 192. What is j(-17)?
-12
Let h(u) = 652*u - 2624. Give h(4).
-16
Let p(n) = n**2 + 244*n - 34844. Give p(101).
1
